. Is h(70) a prime number?
False
Is 90/12*-2*3284/(-12) composite?
True
Is ((-389781)/13 - (-4)/26)/(-1) a composite number?
False
Let c(z) = 3*z**3 - 15*z**2 + 12*z + 8. Let b be c(13). Suppose -b = -5*q + 2075. Is q prime?
True
Let u be -1*2 + 56 + 18. Let o = 79 - u. Is o prime?
True
Let w(l) = -l**3 - 6*l**2 - 2*l - 5. Let h be w(-6). Suppose h = 3*n - 5. Suppose -n*v = -7*v + 45. Is v a prime number?
False
Let v be 2/(-9) - (-2817)/(-81). Let a = v + 33. Is (-1)/2*2980/a composite?
True
Suppose 20*c = -9*c + 236147. Is c a prime number?
False
Suppose -53*v = -56*v + 19671. Is v a prime number?
False
Suppose s + 1190 = 4092. Is s composite?
True
Let k = 1223 + -660. Is k a prime number?
True
Let c be -3 - -1*(3 + 2). Suppose 3*m + 350 = r, 0 = -4*r + m + c*m + 1445. Is r prime?
False
Let d = 43 + -30. Suppose 0 = -d*h + 9*h. Is (-98)/((0 - 2) + h) composite?
True
Is 2 + ((-3444)/(-7)*2 - 4) composite?
True
Let r(f) = -5*f**2 - 5. Let t(z) = -z**3 + 11*z**2 + z + 11. Let p(g) = 5*r(g) + 2*t(g). Let q be p(-3). Suppose -5*n + 8*n = o + 14, 5*o = 2*n - q. Is n prime?
False
Suppose -44 + 259 = 5*k. Suppose -839 = -18*u + k. Is u a composite number?
True
Let u(k) = -k**2 + 14*k - 35. Let o be u(10). Suppose -3*t + 8*t - 705 = -o*l, 0 = -3*t - 12. Is l prime?
False
Suppose 5*u + 5*r = 320125, -4*u + 2*r + 256079 = -r. Suppose 0 = -2*i + i + c - u, 0 = -5*i - 5*c - 320150. Is i/(-72) - 2/8 a composite number?
True
Let c = -20 + 32. Let b(p) = -p**3 + 18*p**2 - 16*p - 5. Is b(c) a prime number?
False
Let d(s) = s**3 - 4*s**2 + s. Let w be d(4). Suppose -w*l = l - 85. Is l - 1*(1 - 5) a prime number?
False
Let r(a) be the third derivative of -a**6/24 + a**5/60 + a**4/3 - 29*a**3/6 - 27*a**2. Is r(-8) prime?
True
Is (-9)/(-6)*(-2828)/(-6) a composite number?
True
Let v(a) = 112*a - 13. Let t(s) = -112*s + 14. Let h(p) = -3*t(p) - 4*v(p). Is h(-7) a prime number?
False
Let w = -27 - -16. Let c(j) be the third derivative of j**6/120 + j**5/5 - j**4/6 - j**3/3 - 4*j**2. Is c(w) composite?
False
Suppose -4*x - 3711 = -5*x. Suppose x + 592 = 13*b. Is b composite?
False
Is 3/((-54)/(-4)) + (-3569354)/(-1098) prime?
True
Let c = 49838 - 34467. Is c a prime number?
False
Suppose 0 = -2*c, 0 = -5*o - 3*c + 773 + 502. Suppose -4*q + q = -o. Is q a composite number?
True
Suppose -12*g + 8*g + 508 = 0. Suppose 8*n = g + 1945. Is n a prime number?
False
Let c(l) = 1. Let n(z) = -2*z - 28. Let t(s) = c(s) - n(s). Is t(9) prime?
True
Suppose -15*m + 43928 + 23467 = 0. Is m a composite number?
False
Let x = 30 + -27. Suppose 6*o - x*o = 66. Is o composite?
True
Let y(v) = -59*v + 25. Suppose -3*u - 27 = 6*u. Is y(u) a composite number?
True
Let d be 1/(3/6 + 172/(-345)). Suppose 2*w - 3*t - 1294 = d, -3*w + 2973 = -3*t. Is w prime?
False
Suppose -a + 3 + 5 = 0. Suppose -260 = 4*u - a*u. Suppose -2*b = s - u, 3*s + 2*b = 31 + 164. Is s a composite number?
True
Let o = 22 + -20. Suppose k = 2*c - 48, -o*c - k = -5*c + 72. Is 1222/6 - c/36 a composite number?
True
Let c(q) = 126*q - 3. Let o be c(2). Let h = -350 + o. Let g = -54 - h. Is g a composite number?
False
Let n(w) = -w**2 + w. Let p(t) = 2*t**2 + 13*t + 21. Let k(v) = 3*n(v) + p(v). Is k(16) prime?
False
Is ((-18237)/(-9))/(7/21) prime?
True
Let t(f) = -72*f**3 + f**2 - f. Let n be t(1). Let w = 223 - n. Suppose -6*r = -r - w. Is r a composite number?
False
Let t(p) = -p**3 - 2*p**2 + p - 3. Suppose 3*k + m = -13, k = 3*m + 8 + 1. Let h be t(k). Suppose s - 3*g + 304 = 3*s, h*g - 6 = 0. Is s a prime number?
True
Let w(j) = -7*j**3 - 3*j**2 - 3*j - 2. Let s be (1 + -3 + 4)/(-1). Let o be w(s). Suppose -3*n = -o - 51. Is n a prime number?
False
Suppose 0*n + 3*x - 18 = -3*n, 5*x - 22 = -3*n. Suppose n*v - 12443 = -3*o, -o - 2*v + 618 + 3527 = 0. Is o composite?
False
Let i(g) = 3*g**3 + 5*g**2 - 2. Let x(u) = u**3 + 8*u**2 - 8*u + 13. Let y be x(-9). Let o be i(y). Suppose -622 = -4*j + o. Is j a composite number?
False
Let o(l) be the first derivative of 4*l**3/3 - 5*l**2 + 9*l - 23. Is o(-16) composite?
False
Suppose 2*b - 5*j = -2, -2*b - 2*j - j = -14. Suppose b*t + 2 = 5*t. Suppose -15 = t*p - 125. Is p a prime number?
False
Suppose 9*u + 10 = 7*u, 8763 = n - 4*u. Is n prime?
False
Suppose 4*d = -3*w + 122477, -d + w - 5*w + 30629 = 0. Is d a composite number?
True
Let h be (0 - -2)*2 - (2860 + -2). Let x = h - -5085. Is x a composite number?
True
Let v(s) = 4*s + 7. Let b be v(5). Is (-1332)/b*3/(-2) a prime number?
False
Let r be (2 - 14/4)*8. Let s be r/(-54) + 148/(-18). Let p = 107 - s. Is p a prime number?
False
Is (-10)/25 - 5/(125/(-1258985)) a composite number?
False
Suppose 41*u - 1116330 = 11*u. Is u a composite number?
True
Suppose 0 = 5*b - 0*b - 9265. Is b composite?
True
Suppose -3*i + 264 = r + 2*r, 0 = -2*i + 3*r + 156. Suppose 5*m + 312 = 3*t + 117, -4*m + 260 = 4*t. Suppose -g = -3*f + 89 + i, 4*g = f - t. Is f prime?
False
Suppose -4*n = -3*f - 336497, -7*f - 6 - 15 = 0. Is n prime?
False
Let m = -20853 + 32176. Suppose 4*t + 16837 = 5*b - 11528, m = 2*b + 3*t. Is b composite?
False
Suppose 0 = -3*l - 6, -l = -w - 1926 - 1508. Let n = 355 - w. Is n prime?
False
Suppose 0*w - 170 = -5*i + 4*w, 4*i = 2*w + 130. Suppose 2*q + i = -3*q. Is (1*907)/(q + 7) a composite number?
False
Let p(m) = -m**2 - 4*m + 1. Let r be p(-3). Suppose -r*c = -9*c + 1810. Suppose 3*w - c - 85 = 0. Is w a composite number?
False
Let t(j) = 192*j**2 + 2. Let y be t(-3). Let s be y/30 - 4/6. Suppose 0 = n - i - s, -2*n + i = 2*i - 102. Is n a composite number?
False
Let q(n) = n**2 + 6*n - 6. Let w be (-1)/(-3) - (-21)/(-9). Let a(x) = 2*x**3 + x**2 - 3*x - 2. Let m be a(w). Is q(m) prime?
False
Let y(p) = -16*p + 2. Let g be y(-1). Suppose 6 = -g*c + 21*c. Suppose -v + 5*v = -3*k + 273, -c*k + 175 = 5*v. Is k a composite number?
True
Suppose 0 = 3*u - 4371 - 6390. Is u a prime number?
False
Let p = -1154 + 9285. Is p a composite number?
True
Let q(y) = -477*y - 46. Is q(-7) composite?
True
Let g = -245 - -405. Suppose -6*x + 17474 = -g. Is x prime?
True
Let a = 50865 - 20399. Is a prime?
False
Let j = 28261 - 1028. Is j composite?
True
Let u be (1/(-1))/(4/(-8)). Suppose -5*v + 2564 = -3*f, -u*f + 781 + 235 = 2*v. Is v a composite number?
True
Is 10/150 - (-202812)/45 a composite number?
False
Is (2 - 29330/8)*(-4 - 0) composite?
False
Let h be ((-4)/(-5))/(3/15). Let f(m) = -9*m**2 - h*m + m**3 - 8*m + 6*m + 9. Is f(11) prime?
False
Is (-6)/4*(291376/(-24) - 4) a prime number?
True
Let s = 1058 + -390. Let w = 1839 - s. Is w a prime number?
True
Let u(t) = -55*t**2 + 5*t + 6. Let x(l) = -54*l**2 + 6*l + 7. Let k(s) = -6*u(s) + 5*x(s). Let b(a) = -2*a**3 + 1. Let d be b(1). Is k(d) a composite number?
False
Let q(o) = 14*o**3 + 4*o**2 - 10*o + 11. Is q(8) a composite number?
True
Suppose -w + 3*q + 10316 = 0, -4*w + 9*w + 5*q = 51680. Is w a prime number?
True
Let m(x) = -5*x + 4*x**2 + 1 + 18 + 0*x + 6*x. Is m(-12) a prime number?
False
Let d be (-1 - -2)*-3*580/(-3). Suppose -2*a + 0*a + 278 = -5*y, d = 4*a - 4*y. Is a a prime number?
True
Let m = 1687 + -804. Is m prime?
True
Suppose -205*a + 202*a + 4*b = -193457, -2*a - b = -128964. Is a prime?
True
Let t(a) = -a**3 - 8*a**2 + 7*a + 4. Let q be t(-8). Let y be q/14 + 26/(-91). Is 120/1 + y + 3 a prime number?
False
Let u(n) = -n - 5. Let v be u(-5). Suppose s + 10 - 2 = v. Is ((-476)/6)/(s/12) a prime number?
False
Let m = 2287 + -1370. Is m a composite number?
True
Is (110604/30)/((-12)/(-30)) composite?
True
Let r(y) = -17675*y + 18. Is r(-1) a prime number?
False
Let r be (4 - (-58)/(-8))*-92. Let y = r + 458. Is y prime?
True
Is 5 - (-1 + 3) - 25464/(-6) composite?
True
Let j = -56 - -62. Is (-2 + (j - 3))/((-4)/(-580)) a prime number?
False
Let j(n) = -n**3 + 54*n**2 + 72*n + 69. Is j(50) prime?
True
Let v(p) = 5*p**3 + 5*p**2 + 2*p - 9. Let k(o) = -3*o**3 - 2*o**2 - o + 4. Let g(t) = -5*k(t) - 2*v(t). Let d be g(-4). Is -2*(-3)/(-12)*d a prime number?
True
Let a(h) = -7*h + 27. Let m = -22 - -10. Is a(m) prime?
False
Let v be 8/20 + (-2714)/10. Let l = v - -456. Suppose -4*a = 5*j - 2*a - l, 3*j + a = 112. Is j prime?
False
Let f = 1495 - -4138. Is f prime?
False
Suppose -6 = 8*c - 54. Suppose 10364 + 418 = c*d. Is d a prime number?
False
Let g =